{"id":5799,"date":"2025-10-06T14:05:14","date_gmt":"2025-10-06T14:05:14","guid":{"rendered":"https:\/\/pro-alu.com\/?post_type=product&#038;p=5799"},"modified":"2025-10-06T14:05:14","modified_gmt":"2025-10-06T14:05:14","slug":"verrieres","status":"publish","type":"product","link":"https:\/\/pro-alu.com\/index.php\/product\/verrieres\/","title":{"rendered":"Verri\u00e8res"},"content":{"rendered":"<p>\u00c9clairage naturel int\u00e9rieur\/ext\u00e9rieur<\/p>\n<p>&nbsp;<\/p>\n","protected":false},"excerpt":{"rendered":"<p>Mati\u00e8re :Aluminium + verre<\/p>\n<p>Options \/ Personnalisations : Verre au choix,<\/p>\n<p>Ouverture \/ Fonction : motorisation Fixe \/ motoris\u00e9e<\/p>\n<p>Couleur : RAL au choix<\/p>\n<p>Finitions : Isolation &amp; \u00e9tanch\u00e9it\u00e9<\/p>\n<p>Dimensions possibles\u00a0 \u00a0: Sur mesure<\/p>\n","protected":false},"featured_media":5800,"template":"","meta":[],"product_brand":[],"product_cat":[15],"product_tag":[],"class_list":{"0":"post-5799","1":"product","2":"type-product","3":"status-publish","4":"has-post-thumbnail","6":"product_cat-uncategorized","8":"first","9":"instock","10":"shipping-taxable","11":"product-type-simple"},"_links":{"self":[{"href":"https:\/\/pro-alu.com\/index.php\/wp-json\/wp\/v2\/product\/5799","targetHints":{"allow":["GET"]}}],"collection":[{"href":"https:\/\/pro-alu.com\/index.php\/wp-json\/wp\/v2\/product"}],"about":[{"href":"https:\/\/pro-alu.com\/index.php\/wp-json\/wp\/v2\/types\/product"}],"wp:featuredmedia":[{"embeddable":true,"href":"https:\/\/pro-alu.com\/index.php\/wp-json\/wp\/v2\/media\/5800"}],"wp:attachment":[{"href":"https:\/\/pro-alu.com\/index.php\/wp-json\/wp\/v2\/media?parent=5799"}],"wp:term":[{"taxonomy":"product_brand","embeddable":true,"href":"https:\/\/pro-alu.com\/index.php\/wp-json\/wp\/v2\/product_brand?post=5799"},{"taxonomy":"product_cat","embeddable":true,"href":"https:\/\/pro-alu.com\/index.php\/wp-json\/wp\/v2\/product_cat?post=5799"},{"taxonomy":"product_tag","embeddable":true,"href":"https:\/\/pro-alu.com\/index.php\/wp-json\/wp\/v2\/product_tag?post=5799"}],"curies":[{"name":"wp","href":"https:\/\/api.w.org\/{rel}","templated":true}]}}