{"id":5491,"date":"2025-09-03T15:07:10","date_gmt":"2025-09-03T15:07:10","guid":{"rendered":"https:\/\/pro-alu.com\/?post_type=product&#038;p=5491"},"modified":"2025-09-03T15:17:59","modified_gmt":"2025-09-03T15:17:59","slug":"brise-soleil","status":"publish","type":"product","link":"https:\/\/pro-alu.com\/index.php\/product\/brise-soleil\/","title":{"rendered":"Brise-soleil"},"content":{"rendered":"<p data-start=\"1195\" data-end=\"1212\"><strong data-start=\"1195\" data-end=\"1210\">Variantes :<\/strong><\/p>\n<ul>\n<li style=\"list-style-type: none;\">\n<ul data-start=\"1215\" data-end=\"1317\">\n<li data-start=\"1215\" data-end=\"1245\">\n<p data-start=\"1217\" data-end=\"1245\">Lames fixes ou orientables<\/p>\n<\/li>\n<li data-start=\"1248\" data-end=\"1284\">\n<p data-start=\"1250\" data-end=\"1284\">Lames horizontales ou verticales<\/p>\n<\/li>\n<li data-start=\"1287\" data-end=\"1317\">\n<p data-start=\"1289\" data-end=\"1317\">Syst\u00e8me manuel ou motoris\u00e9<\/p>\n<\/li>\n<\/ul>\n<\/li>\n<li data-start=\"1318\" data-end=\"1471\">\n<p data-start=\"1320\" data-end=\"1335\"><strong data-start=\"1320\" data-end=\"1333\">Options :<\/strong><\/p>\n<ul data-start=\"1338\" data-end=\"1471\">\n<li data-start=\"1338\" data-end=\"1368\">\n<p data-start=\"1340\" data-end=\"1368\">Aluminium laqu\u00e9 ou anodis\u00e9<\/p>\n<\/li>\n<li data-start=\"1371\" data-end=\"1421\">\n<p data-start=\"1373\" data-end=\"1421\">Int\u00e9gration avec fa\u00e7ade ventil\u00e9e ou mur rideau<\/p>\n<\/li>\n<li data-start=\"1424\" data-end=\"1471\">\n<p data-start=\"1426\" data-end=\"1471\">Contr\u00f4le automatique selon l\u2019ensoleillement<\/p>\n<\/li>\n<\/ul>\n<\/li>\n<\/ul>\n","protected":false},"excerpt":{"rendered":"<p>Dispositif de protection solaire pour fa\u00e7ades et fen\u00eatres.<\/p>\n","protected":false},"featured_media":5492,"template":"","meta":[],"product_brand":[],"product_cat":[34],"product_tag":[],"class_list":{"0":"post-5491","1":"product","2":"type-product","3":"status-publish","4":"has-post-thumbnail","6":"product_cat-facades","8":"first","9":"instock","10":"shipping-taxable","11":"product-type-simple"},"_links":{"self":[{"href":"https:\/\/pro-alu.com\/index.php\/wp-json\/wp\/v2\/product\/5491","targetHints":{"allow":["GET"]}}],"collection":[{"href":"https:\/\/pro-alu.com\/index.php\/wp-json\/wp\/v2\/product"}],"about":[{"href":"https:\/\/pro-alu.com\/index.php\/wp-json\/wp\/v2\/types\/product"}],"wp:featuredmedia":[{"embeddable":true,"href":"https:\/\/pro-alu.com\/index.php\/wp-json\/wp\/v2\/media\/5492"}],"wp:attachment":[{"href":"https:\/\/pro-alu.com\/index.php\/wp-json\/wp\/v2\/media?parent=5491"}],"wp:term":[{"taxonomy":"product_brand","embeddable":true,"href":"https:\/\/pro-alu.com\/index.php\/wp-json\/wp\/v2\/product_brand?post=5491"},{"taxonomy":"product_cat","embeddable":true,"href":"https:\/\/pro-alu.com\/index.php\/wp-json\/wp\/v2\/product_cat?post=5491"},{"taxonomy":"product_tag","embeddable":true,"href":"https:\/\/pro-alu.com\/index.php\/wp-json\/wp\/v2\/product_tag?post=5491"}],"curies":[{"name":"wp","href":"https:\/\/api.w.org\/{rel}","templated":true}]}}